{"id":12461,"date":"2025-01-08T12:46:40","date_gmt":"2025-01-08T12:46:40","guid":{"rendered":"https:\/\/innaeh.org\/?page_id=12461"},"modified":"2026-04-23T19:22:43","modified_gmt":"2026-04-23T19:22:43","slug":"library","status":"publish","type":"page","link":"https:\/\/innaeh.org\/en\/library\/","title":{"rendered":"Biblioteca"},"content":{"rendered":"<div data-elementor-type=\"wp-page\" data-elementor-id=\"12461\" class=\"elementor elementor-12461\" data-elementor-post-type=\"page\">\n\t\t\t\t<div class=\"elementor-element elementor-element-0a44807 e-con-full e-flex e-con e-parent\" data-id=\"0a44807\" data-element_type=\"container\" data-e-type=\"container\">\n\t\t<div class=\"elementor-element elementor-element-5b5a4ec e-con-full e-flex e-con e-child\" data-id=\"5b5a4ec\" data-element_type=\"container\" data-e-type=\"container\">\n\t\t\t\t<div class=\"elementor-element elementor-element-c938ef6 elementor-widget elementor-widget-heading\" data-id=\"c938ef6\" data-element_type=\"widget\" data-e-type=\"widget\" data-widget_type=\"heading.default\">\n\t\t\t\t<div class=\"elementor-widget-container\">\n\t\t\t\t\t<h1 class=\"elementor-heading-title elementor-size-default\">Tratados Nacionales e Internacionales sobre los Derechos de la Ni\u00f1ez\n<\/h1>\t\t\t\t<\/div>\n\t\t\t\t<\/div>\n\t\t\t\t<div class=\"elementor-element elementor-element-b1a5aba elementor-widget elementor-widget-text-editor\" data-id=\"b1a5aba\" data-element_type=\"widget\" data-e-type=\"widget\" data-widget_type=\"text-editor.default\">\n\t\t\t\t<div class=\"elementor-widget-container\">\n\t\t\t\t\t\t\t\t\t<p>2o de Noviembre, 1989<\/p>\t\t\t\t\t\t\t\t<\/div>\n\t\t\t\t<\/div>\n\t\t\t\t<div class=\"elementor-element elementor-element-1f219c3 elementor-widget elementor-widget-heading\" data-id=\"1f219c3\" data-element_type=\"widget\" data-e-type=\"widget\" data-widget_type=\"heading.default\">\n\t\t\t\t<div class=\"elementor-widget-container\">\n\t\t\t\t\t<h2 class=\"elementor-heading-title elementor-size-default\">Convenci\u00f3n de los Derechos del Ni\u00f1o y la Ni\u00f1a<\/h2>\t\t\t\t<\/div>\n\t\t\t\t<\/div>\n\t\t\t\t<div class=\"elementor-element elementor-element-1e3e804 elementor-widget elementor-widget-text-editor\" data-id=\"1e3e804\" data-element_type=\"widget\" data-e-type=\"widget\" data-widget_type=\"text-editor.default\">\n\t\t\t\t<div class=\"elementor-widget-container\">\n\t\t\t\t\t\t\t\t\t<p>La Convenci\u00f3n sobre los Derechos del Ni\u00f1o (CDN) es un tratado internacional adoptado por la Asamblea General de las Naciones Unidas. Como la primera ley internacional sobre los derechos de la ni\u00f1ez, la Convenci\u00f3n sirve como un marco integral que orienta a los gobiernos y es fundamental para promover y proteger los derechos de todos los ni\u00f1os y ni\u00f1as, reconociendo su necesidad de un desarrollo integral y garantizando su bienestar.<\/p>\t\t\t\t\t\t\t\t<\/div>\n\t\t\t\t<\/div>\n\t\t\t\t<\/div>\n\t\t<div class=\"elementor-element elementor-element-ff2f4f5 e-con-full e-flex e-con e-child\" data-id=\"ff2f4f5\" data-element_type=\"container\" data-e-type=\"container\">\n\t\t\t\t<div class=\"elementor-element elementor-element-9881e21 elementor-widget__width-initial elementor-widget elementor-widget-shortcode\" data-id=\"9881e21\" data-element_type=\"widget\" data-e-type=\"widget\" data-widget_type=\"shortcode.default\">\n\t\t\t\t<div class=\"elementor-widget-container\">\n\t\t\t\t\t\t\t<div class=\"elementor-shortcode\"><div class=\"_df_book df-lite\" id=\"df_12820\"  _slug=\"my-book\" data-title=\"my-book\" wpoptions=\"true\" thumbtype=\"\" ><\/div><script class=\"df-shortcode-script\" nowprocket type=\"application\/javascript\">window.option_df_12820 = {\"outline\":[],\"autoEnableOutline\":\"false\",\"autoEnableThumbnail\":\"false\",\"overwritePDFOutline\":\"false\",\"direction\":\"1\",\"pageSize\":\"0\",\"source\":\"https:\\\/\\\/innaeh.org\\\/wp-content\\\/uploads\\\/2025\\\/01\\\/63e25539.pdf\",\"wpOptions\":\"true\"}; if(window.DFLIP && window.DFLIP.parseBooks){window.DFLIP.parseBooks();}<\/script><\/div>\n\t\t\t\t\t\t<\/div>\n\t\t\t\t<\/div>\n\t\t\t\t<\/div>\n\t\t\t\t<\/div>\n\t\t<div class=\"elementor-element elementor-element-c97de1b e-flex e-con-boxed e-con e-parent\" data-id=\"c97de1b\" data-element_type=\"container\" data-e-type=\"container\">\n\t\t\t\t\t<div class=\"e-con-inner\">\n\t\t<div class=\"elementor-element elementor-element-9b4bc3e e-con-full e-flex e-con e-child\" data-id=\"9b4bc3e\" data-element_type=\"container\" data-e-type=\"container\">\n\t\t\t\t<div class=\"elementor-element elementor-element-15520fd elementor-align-center elementor-widget elementor-widget-button\" data-id=\"15520fd\" data-element_type=\"widget\" data-e-type=\"widget\" data-widget_type=\"button.default\">\n\t\t\t\t<div class=\"elementor-widget-container\">\n\t\t\t\t\t\t\t\t\t<div class=\"elementor-button-wrapper\">\n\t\t\t\t\t<a class=\"elementor-button elementor-button-link elementor-size-sm\" href=\"https:\/\/www.un.org\/es\/events\/childrenday\/pdf\/derechos.pdf\" target=\"_blank\">\n\t\t\t\t\t\t<span class=\"elementor-button-content-wrapper\">\n\t\t\t\t\t\t\t\t\t<span class=\"elementor-button-text\">Convenci\u00f3n de los Derechos del Ni\u00f1o<\/span>\n\t\t\t\t\t<\/span>\n\t\t\t\t\t<\/a>\n\t\t\t\t<\/div>\n\t\t\t\t\t\t\t\t<\/div>\n\t\t\t\t<\/div>\n\t\t\t\t<\/div>\n\t\t<div class=\"elementor-element elementor-element-da2f344 e-con-full e-flex e-con e-child\" data-id=\"da2f344\" data-element_type=\"container\" data-e-type=\"container\">\n\t\t\t\t<div class=\"elementor-element elementor-element-a5af689 elementor-align-center elementor-widget elementor-widget-button\" data-id=\"a5af689\" data-element_type=\"widget\" data-e-type=\"widget\" data-widget_type=\"button.default\">\n\t\t\t\t<div class=\"elementor-widget-container\">\n\t\t\t\t\t\t\t\t\t<div class=\"elementor-button-wrapper\">\n\t\t\t\t\t<a class=\"elementor-button elementor-button-link elementor-size-sm\" href=\"https:\/\/www.unicef.org\/sites\/default\/files\/2019-11\/CDN_version_ninos.pdf\">\n\t\t\t\t\t\t<span class=\"elementor-button-content-wrapper\">\n\t\t\t\t\t\t\t\t\t<span class=\"elementor-button-text\">Versi\u00f3n Amigable<\/span>\n\t\t\t\t\t<\/span>\n\t\t\t\t\t<\/a>\n\t\t\t\t<\/div>\n\t\t\t\t\t\t\t\t<\/div>\n\t\t\t\t<\/div>\n\t\t\t\t<\/div>\n\t\t\t\t\t<\/div>\n\t\t\t\t<\/div>\n\t\t<div class=\"elementor-element elementor-element-66724f9 e-flex e-con-boxed e-con e-parent\" data-id=\"66724f9\" data-element_type=\"container\" data-e-type=\"container\">\n\t\t\t\t\t<div class=\"e-con-inner\">\n\t\t\t\t\t<\/div>\n\t\t\t\t<\/div>\n\t\t\t\t<\/div>","protected":false},"excerpt":{"rendered":"<p>Tratados Nacionales e Internacionales sobre los Derechos de la Ni\u00f1ez 2o de Noviembre, 1989 Convenci\u00f3n de los Derechos del Ni\u00f1o y la Ni\u00f1a La Convenci\u00f3n sobre los Derechos del Ni\u00f1o (CDN) es un tratado internacional adoptado por la Asamblea General de las Naciones Unidas. Como la primera ley internacional sobre los derechos de la ni\u00f1ez,&#8230;<\/p>","protected":false},"author":1,"featured_media":0,"parent":0,"menu_order":0,"comment_status":"closed","ping_status":"closed","template":"elementor_header_footer","meta":{"footnotes":""},"class_list":["post-12461","page","type-page","status-publish","hentry"],"_links":{"self":[{"href":"https:\/\/innaeh.org\/en\/wp-json\/wp\/v2\/pages\/12461","targetHints":{"allow":["GET"]}}],"collection":[{"href":"https:\/\/innaeh.org\/en\/wp-json\/wp\/v2\/pages"}],"about":[{"href":"https:\/\/innaeh.org\/en\/wp-json\/wp\/v2\/types\/page"}],"author":[{"embeddable":true,"href":"https:\/\/innaeh.org\/en\/wp-json\/wp\/v2\/users\/1"}],"replies":[{"embeddable":true,"href":"https:\/\/innaeh.org\/en\/wp-json\/wp\/v2\/comments?post=12461"}],"version-history":[{"count":29,"href":"https:\/\/innaeh.org\/en\/wp-json\/wp\/v2\/pages\/12461\/revisions"}],"predecessor-version":[{"id":13022,"href":"https:\/\/innaeh.org\/en\/wp-json\/wp\/v2\/pages\/12461\/revisions\/13022"}],"wp:attachment":[{"href":"https:\/\/innaeh.org\/en\/wp-json\/wp\/v2\/media?parent=12461"}],"curies":[{"name":"wp","href":"https:\/\/api.w.org\/{rel}","templated":true}]}}

<div data-elementor-type="wp-page" data-elementor-id="12461" class="elementor elementor-12461" data-elementor-post-type="page">
				<div class="elementor-element elementor-element-0a44807 e-con-full e-flex e-con e-parent" data-id="0a44807" data-element_type="container" data-e-type="container">
		<div class="elementor-element elementor-element-5b5a4ec e-con-full e-flex e-con e-child" data-id="5b5a4ec" data-element_type="container" data-e-type="container">
				<div class="elementor-element elementor-element-c938ef6 elementor-widget elementor-widget-heading" data-id="c938ef6" data-element_type="widget" data-e-type="widget" data-widget_type="heading.default">
				<div class="elementor-widget-container">
					<h1 class="elementor-heading-title elementor-size-default">Tratados Nacionales e Internacionales sobre los Derechos de la Niñez
</h1>				</div>
				</div>
				<div class="elementor-element elementor-element-b1a5aba elementor-widget elementor-widget-text-editor" data-id="b1a5aba" data-element_type="widget" data-e-type="widget" data-widget_type="text-editor.default">
				<div class="elementor-widget-container">
									<p>2o de Noviembre, 1989</p>								</div>
				</div>
				<div class="elementor-element elementor-element-1f219c3 elementor-widget elementor-widget-heading" data-id="1f219c3" data-element_type="widget" data-e-type="widget" data-widget_type="heading.default">
				<div class="elementor-widget-container">
					<h2 class="elementor-heading-title elementor-size-default">Convención de los Derechos del Niño y la Niña</h2>				</div>
				</div>
				<div class="elementor-element elementor-element-1e3e804 elementor-widget elementor-widget-text-editor" data-id="1e3e804" data-element_type="widget" data-e-type="widget" data-widget_type="text-editor.default">
				<div class="elementor-widget-container">
									<p>La Convención sobre los Derechos del Niño (CDN) es un tratado internacional adoptado por la Asamblea General de las Naciones Unidas. Como la primera ley internacional sobre los derechos de la niñez, la Convención sirve como un marco integral que orienta a los gobiernos y es fundamental para promover y proteger los derechos de todos los niños y niñas, reconociendo su necesidad de un desarrollo integral y garantizando su bienestar.</p>								</div>
				</div>
				</div>
		<div class="elementor-element elementor-element-ff2f4f5 e-con-full e-flex e-con e-child" data-id="ff2f4f5" data-element_type="container" data-e-type="container">
				<div class="elementor-element elementor-element-9881e21 elementor-widget__width-initial elementor-widget elementor-widget-shortcode" data-id="9881e21" data-element_type="widget" data-e-type="widget" data-widget_type="shortcode.default">
				<div class="elementor-widget-container">
							<div class="elementor-shortcode"><div class="_df_book df-lite" id="df_12820"  _slug="my-book" data-title="my-book" wpoptions="true" thumbtype="" ></div><script class="df-shortcode-script" nowprocket type="application/javascript">window.option_df_12820 = {"outline":[],"autoEnableOutline":"false","autoEnableThumbnail":"false","overwritePDFOutline":"false","direction":"1","pageSize":"0","source":"https:\/\/innaeh.org\/wp-content\/uploads\/2025\/01\/63e25539.pdf","wpOptions":"true"}; if(window.DFLIP && window.DFLIP.parseBooks){window.DFLIP.parseBooks();}</script></div>
						</div>
				</div>
				</div>
				</div>
		<div class="elementor-element elementor-element-c97de1b e-flex e-con-boxed e-con e-parent" data-id="c97de1b" data-element_type="container" data-e-type="container">
					<div class="e-con-inner">
		<div class="elementor-element elementor-element-9b4bc3e e-con-full e-flex e-con e-child" data-id="9b4bc3e" data-element_type="container" data-e-type="container">
				<div class="elementor-element elementor-element-15520fd elementor-align-center elementor-widget elementor-widget-button" data-id="15520fd" data-element_type="widget" data-e-type="widget" data-widget_type="button.default">
				<div class="elementor-widget-container">
									<div class="elementor-button-wrapper">
					<a class="elementor-button elementor-button-link elementor-size-sm" href="https://www.un.org/es/events/childrenday/pdf/derechos.pdf" target="_blank">
						<span class="elementor-button-content-wrapper">
									<span class="elementor-button-text">Convención de los Derechos del Niño</span>
					</span>
					</a>
				</div>
								</div>
				</div>
				</div>
		<div class="elementor-element elementor-element-da2f344 e-con-full e-flex e-con e-child" data-id="da2f344" data-element_type="container" data-e-type="container">
				<div class="elementor-element elementor-element-a5af689 elementor-align-center elementor-widget elementor-widget-button" data-id="a5af689" data-element_type="widget" data-e-type="widget" data-widget_type="button.default">
				<div class="elementor-widget-container">
									<div class="elementor-button-wrapper">
					<a class="elementor-button elementor-button-link elementor-size-sm" href="https://www.unicef.org/sites/default/files/2019-11/CDN_version_ninos.pdf">
						<span class="elementor-button-content-wrapper">
									<span class="elementor-button-text">Versión Amigable</span>
					</span>
					</a>
				</div>
								</div>
				</div>
				</div>
					</div>
				</div>
		<div class="elementor-element elementor-element-66724f9 e-flex e-con-boxed e-con e-parent" data-id="66724f9" data-element_type="container" data-e-type="container">
					<div class="e-con-inner">
					</div>
				</div>
				</div>

<p>Tratados Nacionales e Internacionales sobre los Derechos de la Niñez 2o de Noviembre, 1989 Convención de los Derechos del Niño y la Niña La Convención sobre los Derechos del Niño (CDN) es un tratado internacional adoptado por la Asamblea General de las Naciones Unidas. Como la primera ley internacional sobre los derechos de la niñez,&#8230;</p>
